+ 18. Let o = 31 - z. What is the remainder when o is divided by 38/8 + (-2)/(-8)?
3
Let v(t) = t**2 + 4*t + 4. What is the remainder when 10 is divided by v(-4)?
2
Let w be -2 + 5 + (-2)/(-1). Suppose 2*r + 3*t = 39, -2*r - t = -w*t - 46. Calculate the remainder when r is divided by 11.
10
Let b = 224 + -148. Calculate the remainder when b is divided by 26.
24
Let d = -4 - -29. What is the remainder when d is divided by 14?
11
Let h = 14 - -13. Suppose 0 = -4*p + 40 + 16. What is the remainder when h is divided by p?
13
Suppose -x + 1 + 1 = 0. Let w be (3/x)/(6/(-8)). What is the remainder when (-30)/(w + (-4)/(-3)) is divided by 12?
9
Let o = -2 - 0. Let u be (-3)/(-6) + (-3)/o. What is the remainder when 32 is divided by (68/(-8))/((-1)/u)?
15
Let m(y) = -y**3 - 4*y**2 + 3*y + 2. Let a(s) = -s**3 - 4*s**2 + 9. What is the remainder when a(-5) is divided by m(-5)?
10
Suppose 3*z - 4*z + 5*j = 12, 2 = 4*z + 5*j. Calculate the remainder when 61 is divided by -2 - (z - -2 - 18).
13
Let v = -10 - -53. Calculate the remainder when v is divided by -1*2 - 51/(-3).
13
What is the remainder when 78 is divided by ((2 - 6) + -4)*2/(-1)?
14
Suppose 2 = 4*n - 2*t - 2, -3 = -3*n - 2*t. Let w = -1 + 4. What is the remainder when n - w*4/(-6) is divided by 2?
1
What is the remainder when 15 is divided by (1 + 2)/(1/2)?
3
Suppose -31 = -3*c + 3*r + 29, 35 = c + 4*r. Calculate the remainder when 66 is divided by c.
20
Let q = -27 - -32. Calculate the remainder when q is divided by 5.
0
Suppose -3*h + 34 = -2. Let d = 221 + -150. Let c = d + -37. Calculate the remainder when c is divided by h.
10
Suppose -8 = -2*a - 2, -5*s - 5*a + 40 = 0. Suppose -5*r + 16 = -0*q - q, 4*q + 4 = 5*r. Suppose r*u - 27 = u. What is the remainder when u is divided by s?
4
Suppose g = 4*y - 462 - 23, -4*g - 620 = -5*y. Let w(u) = u**2 - 5. Let a be w(-3). Suppose 0 = f - a*f + y. What is the remainder when f is divided by 21?
19
Suppose -108 = -5*l + 12. Suppose 9 - l = -d - 3*f, 0 = 5*d - 5*f - 15. Let i(c) = -8*c - 1. What is the remainder when i(-3) is divided by d?
5
Let z = 124 - 25. Calculate the remainder when z is divided by 25.
24
Suppose -h + 5*z = -1, -8*z = -3*z. Let u be h*-2 + 4 - 0. Calculate the remainder when 26 is divided by (3/2)/(u/12).
8
Suppose -3*k + 8*k = 70. Suppose -3*a - 2 = -k. Calculate the remainder when 2*(2 + 38/a) is divided by 13.
10
Let n be (-3 + 0)/((-1)/1). Suppose 4*s = -3*i + 26, -i + n = -5*s + 7. Let h(k) = k**2 + 5*k + 4. What is the remainder when i is divided by h(-5)?
2
Let j be 4 + 2*3/(-3). Suppose j*v - 60 = -2*o - 2*v, v + 128 = 5*o. Suppose -c + 5*h = -o, -2*h + 21 - 2 = c. What is the remainder when c is divided by 11?
10
Let b be 2*(1 + (0 - 0)). Suppose b*a - 76 + 32 = w, -5*w = -a + 22. What is the remainder when a is divided by 12?
10
Suppose 1032 = 9*i - i. What is the remainder when i is divided by 33?
30
Let n be 1 + (-12 - -2 - 1). Let r = 4 + 9. What is the remainder when (-7)/(35/12)*n is divided by r?
11
Let r(g) = -g**3 + 6*g**2 + 6*g. Calculate the remainder when r(5) is divided by 15.
10
Suppose -4*s = -s - 18. Calculate the remainder when s is divided by 2.
0
Let f(a) be the second derivative of 1/3*a**3 + a - 1/2*a**2 + 0 + 7/10*a**5 - 1/6*a**4. What is the remainder when 38 is divided by f(1)?
12
Let l(c) be the third derivative of c**6/24 - c**5/20 + c**4/24 - c**3/6 + 4*c**2. Calculate the remainder when l(2) is divided by 8.
5
Let v(p) = -p**2 + 12*p + 12. Calculate the remainder when v(9) is divided by 10.
9
Suppose 11 = -5*b - 14. Let o(q) = q**3 + 4*q**2 - 4*q + 1. Let r be o(b). Let t = 11 + r. What is the remainder when 12 is divided by t?
5
Let q = -10 + 14. Suppose 2*f + 4*v = 25 + 17, -2*v = -10. What is the remainder when f is divided by q?
3
Let b(f) = 3 + 4*f - 5 + 3 - 24*f. What is the remainder when 83 is divided by b(-1)?
20
Let l = -2 + 2. What is the remainder when (4 + l)*66/24 is divided by 4?
3
Let p(s) = s**3 + 5*s**2 - 8*s - 6. What is the remainder when p(-5) is divided by 9?
7
Let l(m) = -m + 2. Let p be l(-8). Let x be 8*((-5)/2 + 2). What is the remainder when 3 is divided by p/4 + 2/x?
1
Suppose 6*y = 2*y + 12. Let u = y + 1. Calculate the remainder when 9 is divided by u.
1
What is the remainder when 31 is divided by 5/((-40)/(-34))*4?
14
Let q = 70 + -31. Let x = q + -28. What is the remainder when 20 is divided by x?
9
Let x = 15 - 9. Suppose 12 = 3*q, 2*o - q - 24 = -x*q. Calculate the remainder when 6 is divided by o.
0
Let i(g) = 27*g**3 + 3*g**2 - 2*g. Calculate the remainder when 83 is divided by i(1).
27
Suppose 0 = k - 3*n + 4*n - 33, -5*k + 3*n + 189 = 0. Calculate the remainder when k is divided by 13.
10
Let b = -9 - -11. Suppose -h - h + 5*k = -35, h - b*k - 15 = 0. Calculate the remainder when 18 is divided by h.
3
Suppose -2*s + 2 = -28. Calculate the remainder when s is divided by 7.
1
Let x = 56 + -17. What is the remainder when x is divided by 10?
9
Let f = 77 - -34. Calculate the remainder when f is divided by 20.
11
Suppose -m = 2*m. Let d(o) = o**3 + 6*o + 1 - 5*o**2 - 4*o + 4 + m*o**3. Calculate the remainder when 28 is divided by d(5).
13
Let w(s) = s**2 + 3*s + 6 - 3 - 3*s. Calculate the remainder when 75 is divided by w(4).
18
Suppose -3 - 6 = -r. Calculate the remainder when r is divided by 6.
3
Let k(g) = 13*g**2 - 4*g - 3. What is the remainder when k(-1) is divided by 3?
2
Suppose -20 = -5*x + 25. What is the remainder when 35 is divided by x?
8
Let r(h) = 2*h**2 + 2*h - 2. Suppose 2 = p - 2*p. What is the remainder when 3 is divided by r(p)?
1
Let l be -4 - -3 - (1 - 28). Suppose 3*v + 1 = -5*s + l, 4*v + 3*s = 15. Calculate the remainder when 4 is divided by (v - 5)*(-6)/10.
1
Let q = 41 + -6. What is the remainder when 137 is divided by q?
32
Let m = -5 - -10. Let b = 10 - m. Suppose -5*k = -2*j - 16 - 4, 45 = b*k + 3*j. What is the remainder when k is divided by 4?
2
Let j be (-1 - 2)/(1/(-73)). Suppose -5*i + j + 31 = -2*s, 3*s = i - 37. Calculate the remainder when i is divided by 18.
16
Suppose 0 = -8*z + 7*z - 2. Let y = 3 - z. Calculate the remainder when 4*3*y/10 is divided by 4.
2
Let x = 62 + -32. Calculate the remainder when 59 is divided by x.
29
Let w = 6 - 10. Let l be (20/(-6))/(1/(-3)). Calculate the remainder when (l/(-8))/(1/w) is divided by 2.
1
Suppose 4 + 3 = f. What is the remainder when 20 is divided by f?
6
Suppose 2*l = 7*l - 300. Calculate the remainder when l is divided by 32.
28
Let y = 11 + -23. Let l = 17 + y. Calculate the remainder when 8 is divided by l.
3
Let c be 135/3*(3 - 2). Suppose -5*b + c = -0*b. What is the remainder when b is divided by 6?
3
Suppose -t + 6*t = 315. Let q = t - 38. Calculate the remainder when q is divided by 7.
4
Let a be (-1)/4 - 17/(-4). Suppose -m - 264 = -a*m. Calculate the remainder when 28 is divided by m/6 - (-1)/3.
13
Let n(s) = s + 9. Calculate the remainder when n(4) is divided by 7.
6
Let k(q) = q**3 + 4. Let w be k(0). Let v(y) = -15*y + 5. Let t(b) = 31*b - 10. Let g(u) = -2*t(u) - 5*v(u). What is the remainder when g(w) is divided by 16?
15
Let t(s) = 2*s**2. What is the remainder when 22 is divided by t(-2)?
6
Suppose -3*c + 87 = -3*y, -2*c = 2*y - 22 - 44. Suppose -3*n = 3*u - 30, -2*n + 4*u = -5*n + c. Calculate the remainder when 16 is divided by n.
7
Let d(m) = m**2 + 4 - 4 - 6*m. Let s be d(6). Calculate the remainder when 30 is divided by 15*(s + 1) + 1.
14
Let l be 1/(-1 + 0/2). Calculate the remainder when (1/(l/2))/(-2) is divided by 1.
0
Let v = 141 - -18. What is the remainder when v is divided by 10?
9
Suppose 4*n = -5*w + 384, 95 + 1 = n - 2*w. Suppose r - 2 = -0*r. Suppose 4 - n = -r*h. What is the remainder when h is divided by 16?
14
Suppose 0 = -4*t - 12, n - t = -1 + 4. Suppose 19 = 2*a - 3*v, -a - 4*v + 0*v + 37 = n. Calculate the remainder when 32 is divided by a.
15
Let f = 9 - 7. What is the remainder when (-36 - -3)/((-3)/f) is divided by 6?
4
Suppose q + 0*q = 15. Suppose 12 = 2*d - d. What is the remainder when 173/4 + (-3)/d is divided by q?
13
Let d = -3 + 3. Let a = d + 0. Suppose 2*q = u - 33, a = -u - 4*q + 23 - 2. Calculate the remainder when u is divided by 10.
9
Calculate the remainder when 35 is divided by (-2)/(-7) + 178/14.
9
Suppose -2*o 